 o be (2/5)/((-1)/(-5)). Suppose 117 = n + o*q, n - u = q + 4*q. List the prime factors of n.
109
Let x = 48 + -24. Suppose 0 = -l - x - 99. Let d = -78 - l. List the prime factors of d.
3, 5
Let a(z) = 441*z - 4329. List the prime factors of a(26).
3, 13, 61
Let p be -2 - -3 - 6/(-2). Suppose 4*j = 3*a + 61, 0 = p*j + 5*a - 20 - 49. Suppose 2*r = 5*z + 41 + 6, r - j = z. List the prime factors of r.
11
Let o = 7365 + 4859. What are the prime factors of o?
2, 191
Let d(b) = b**3 - 6*b**2 + 5*b - 28. Suppose -5*c - 6 = -6*c. Let v be d(c). Suppose n - 303 = -2*m, -n - 90 = -v*m + 223. What are the prime factors of m?
2, 7, 11
Let o(f) = -6*f - 3. Let k = -155 + 122. What are the prime factors of o(k)?
3, 5, 13
Let z(w) = -2 - 269*w**2 + 4*w + 263*w**2 + w**3 + 2. Let t be z(4). Let v = t - -32. What are the prime factors of v?
2
Let v = 43542 + -25409. List the prime factors of v.
18133
Let z be 48/30 + 4/10. Suppose f = 3*o - 44, -z*o - 2*f = 3*f - 1. What are the prime factors of o?
13
Let c(x) = 17*x**2 - 8*x - 13. Let g be c(-2). Suppose -9*i = -46 - g. Suppose -14*f + 123 = -i*f. What are the prime factors of f?
3, 41
What are the prime factors of (-3083562)/(-486) + 2/9?
3, 5, 47
Suppose 5*o - 3*c = 330, -3*o - 66 = -4*o + 2*c. Suppose -o = b - 3*b. Suppose 26 = p - b. What are the prime factors of p?
59
Let s(j) = 4*j**2 + 6*j + 8. Suppose -30 = 8*o - 13*o. Let u be (5/(-20)*o)/((-2)/(-8)). List the prime factors of s(u).
2, 29
Let u be -3 + 188 - (0 - 1). Suppose u = -5*x - 2*q - q, 2*x + 5*q + 63 = 0. Let p = x - -46. List the prime factors of p.
7
Let p(f) = 5*f**2 + 207*f + 15. List the prime factors of p(-54).
3, 17, 67
Let t = -41 - -1101. Suppose 43*v - 39*v - t = 0. List the prime factors of v.
5, 53
Let a(k) be the first derivative of k**4/2 + 17*k**3/3 - k**2/2 - 3*k + 261. List the prime factors of a(-8).
3, 23
Let v = -63 + 32. Let n(k) = -11*k + 59. List the prime factors of n(v).
2, 5
Suppose 2*f + 4 = 0, 27987 = -5*b - 4*f + 132689. What are the prime factors of b?
2, 37, 283
Let q be (2506/6)/(7/30). Let c = -507 - -1057. Suppose -10*h - c = -q. List the prime factors of h.
2, 31
Let b = -23058 - -39739. What are the prime factors of b?
7, 2383
Suppose -84 + 68 = -b. Suppose -8 = 3*p + b. What are the prime factors of p*3*3*-1?
2, 3
What are the prime factors of -2*(216340/(-25) + 5) + (-108)/90?
2, 23, 47
Let n = 149 + -209. Let x = n + -21. Let j = 143 + x. What are the prime factors of j?
2, 31
Let i be 13 + -29 - -14 - (-1 - -1). Let d(w) = w**3 + 4*w**2 + 2*w + 6. Let j be d(-4). List the prime factors of (3 - (i + 3 - j)) + 109.
109
Let b be 24/(-15)*((-9)/2 + 2). Let k be -5*(72/15)/b. What are the prime factors of (-2 - 8/k)*-249?
2, 83
Suppose -160473 = -5*n - 2*q, 105*q = 102*q + 12. What are the prime factors of n?
67, 479
What are the prime factors of 1635*6/108*-33*(0 - 2)?
5, 11, 109
List the prime factors of 30623 + 78/6 + -3 - -1.
2, 17, 53
Let s = -15961 - -29130. What are the prime factors of s?
13, 1013
Suppose -6*u = -5*u. Let c be -3*(-185)/(-2)*44/(-165). Suppose u = 5*p - 829 + c. What are the prime factors of p?
151
Let p(g) = -2*g**3 - 43*g**2 + 22*g + 13. Let l be p(-23). Suppose -3*q = -q - l. List the prime factors of q.
547
Let z = 17 + -1. Suppose -5*g + 4*x = -2*g - 113, -3*x = g - z. List the prime factors of g.
31
Suppose 0 = -199*p + 195*p + 3*v + 42493, 4*p = -2*v + 42498. List the prime factors of p.
2, 83
Let b be -1 + 3/4 + 513/(-108). List the prime factors of 226/14 - b/(-35).
2
Let f = 5680 - 3368. What are the prime factors of f?
2, 17
Let n(u) = -u**2 + 2*u + 1. Let f(h) = 2*h**2 - 5*h + 18. Let b(y) = -f(y) - 6*n(y). List the prime factors of b(12).
2, 3, 13
Let c be ((-273)/(-182))/(2/(-36)). Let g(s) = -s**3 - 22*s**2 + 102*s + 7. What are the prime factors of g(c)?
2, 449
Let b(m) = 3*m**2 + 43. Let t be 12*(12/36 - 2/2). What are the prime factors of b(t)?
5, 47
Let r(t) = t**3 - 2*t**2 + 4*t - 11. Let n be 24/(-18)*2*(-15)/8. Let k be r(n). Suppose -144*a = -146*a + k. List the prime factors of a.
2, 3, 7
Suppose 0 = -6*b + 4*d + 139338, 3*d - 23245 = 6*b - 7*b. List the prime factors of b.
23227
Suppose 0 = -3*v - 6 - 27. Let r be (0 + 0)/(-10 - v). Suppose 6*q - 181 = -4*g + q, q - 1 = r. List the prime factors of g.
2, 11
Let n(c) = -69*c + 48. Let v be n(10). Let o = -457 - v. Let d = 342 - o. List the prime factors of d.
157
Suppose 0 = -16*a + 255 + 49. Suppose -24*m + a*m = -4055. List the prime factors of m.
811
Let v(c) = 4*c. Let j be 268/6 - ((-28)/(-6) + -4). Let o = j - 42. List the prime factors of v(o).
2
Let o(j) = j**3 + 4*j**2 + 29*j - 120. List the prime factors of o(24).
2, 3, 29
Suppose -7695*o = -7609*o - 1294472. List the prime factors of o.
2, 53, 71
Suppose -2*u - 95 = -3*u. Let a be ((-522)/102 - -5) + (6000/136 - -2). Let t = a + u. List the prime factors of t.
3, 47
Suppose 18*m - 43*m + 1100 = 0. Suppose m*n - 9430 = 4562. List the prime factors of n.
2, 3, 53
Suppose 5*t + 69 = -3*h, 0*h = 3*t + 3*h + 45. What are the prime factors of ((3160/(-6))/5)/(4/t)?
2, 79
Let x = 9492 - 3815. List the prime factors of x.
7, 811
Suppose 7*a - 3*o = 241925, -56*a + 55*a + 34563 = -o. What are the prime factors of a?
7, 4937
What are the prime factors of 34729 + (-15 - (-3 + 12))/(-2)?
7, 709
Suppose -o = -102*p + 104*p - 86408, 3*p - 129614 = -2*o. List the prime factors of p.
2, 21601
Let t be 110*3*10/(-6). Let d = -263 - t. What are the prime factors of d?
7, 41
Let o(m) = -27*m - 47. Let j be o(-11). Suppose 0 = -253*q + j*q + 1371. What are the prime factors of q?
457
Suppose -26965 = 13*l - 24*l + 187832. What are the prime factors of l?
3, 23, 283
Let q be ((-1)/(-2))/((-7 + 1)/12). What are the prime factors of 4 + (q - 16*-9)?
3, 7
Let d = -4466 - -23911. What are the prime factors of d?
5, 3889
Suppose 2*f + 3*o - 3 = 0, -5*f + 14 = o - 0*o. Suppose -f*y + 7 = -4*i, 0*i - 5*i - 5 = 0. List the prime factors of (y/2)/(-4*(-4)/6528).
2, 3, 17
List the prime factors of -4*(4/(-16))/((-3)/15) - -6619.
2, 3307
Let b = 9831 - 235. List the prime factors of b.
2, 2399
Suppose 35223 = w - c, 39*c = 41*c - 4. What are the prime factors of w?
5, 1409
Let m(v) be the second derivative of 2*v - 6*v**2 + 0 - 17/3*v**3. What are the prime factors of m(-4)?
2, 31
Let n be (11 - 16 - (-2)/2) + -14. What are the prime factors of (-15 - n) + 420/2?
3, 71
Let f(t) be the first derivative of -t**4/2 + 2*t**3 + t**2/2 + 1. Let w be f(3). Suppose -2*a = -5*d - 0*a + 41, 0 = d + w*a - 15. List the prime factors of d.
3
Suppose -2*d + 79 = 4*o + 33, -o - 46 = -2*d. Suppose -i = 2*w - 442, d*i - 2202 = 18*i - 2*w. What are the prime factors of i?
2, 5, 11
What are the prime factors of 7056/(-7)*9/(-36)*249?
2, 3, 7, 83
Let z(m) = -281*m**3 - 2*m**2 - 3*m - 2. Let j be z(-1). Let b be (-1)/(-3) - j/12. Let o = b - -112. What are the prime factors of o?
89
Suppose 5*c - 7984 = 24*v - 28*v, 0 = 5*c + v - 7996. What are the prime factors of c?
2, 5
Let a = -9057 + 38789. List the prime factors of a.
2, 7433
List the prime factors of ((-8)/44)/(20/(-220))*21665.
2, 5, 7, 619
Suppose 8090*z - 8104*z + 31136 = 0. What are the prime factors of z?
2, 139
Suppose 5*i + 105 = 5*j, 0 = 3*j - 5*i + 7*i - 38. Let g be -2 + (-2)/7 - j/(-56). List the prime factors of 98 - (g + -2 + 3).
3, 11
List the prime factors of (-11902)/(-6) + 2 - 2/(-6).
2, 3, 331
Suppose -17*d + 15*d = -24. Suppose d*s - 11005 = -3325. List the prime factors of s.
2, 5
Suppose h = -v - v + 7, -h = -3. Suppose -5*q - 3*s = -22, q - v = 4*q - 2*s. Suppose -3*j + 89 = 2*i + 2*i, -3*j - q*i = -85. List the prime factors of j.
3
Suppose 20 = 4*h, 0 = 3*g - 6*h + h + 10345. What are the prime factors of g/50*50/(-4)?
2, 5, 43
Suppose -4*t = -4*x + 1014 + 1510, 4*t + 2509 = -x. List the prime factors of -2*(1 + t/8).
5, 31
List the prime factors of ((-9)/2)/3*(7 + (-151962)/18).
12653
Let o(q) = -3*q**2 - 61*q - 17. Let x be o(-20). Suppose -j + x*z + 800 = -z, -2*j = -4*z - 1600. What are the prime factors of j?
2, 5
Let b be ((-15)/(-9) - (-2)/(-3))*5. Suppose -4*i - b*i = -45. List the prime factors of ((-28)/10)/(i/(-200) - 0).
2, 7
Suppose -11*l + 383121 = 18*l + 29060. What are the prime factors of l?
29, 